 common factor of 4930 and 16637220.
170
Calculate the highest common divisor of 33204 and 45204.
12
Calculate the greatest common divisor of 534471 and 33999.
21
Calculate the greatest common factor of 92 and 33649828.
92
Calculate the greatest common factor of 78225 and 6069.
21
Calculate the greatest common factor of 160 and 817871840.
160
What is the greatest common factor of 17479 and 588357?
77
What is the highest common factor of 74688565 and 1785?
595
What is the highest common factor of 4595265 and 297?
27
Calculate the greatest common factor of 780831471 and 7.
7
Calculate the highest common factor of 248094672 and 32.
16
What is the highest common factor of 158192356 and 903?
301
What is the greatest common divisor of 14447807 and 748?
187
Calculate the greatest common divisor of 141960 and 56280.
840
What is the greatest common factor of 465196618 and 86?
86
Calculate the greatest common factor of 77169 and 10396527.
2661
What is the highest common factor of 15431548 and 57908?
1868
Calculate the greatest common divisor of 35464935 and 330.
165
Calculate the greatest common factor of 11235800 and 512.
8
Calculate the greatest common divisor of 661694770 and 110.
110
What is the greatest common factor of 12496 and 14420736?
176
What is the highest common divisor of 241002 and 2646?
54
Calculate the highest common divisor of 875 and 6082300.
175
What is the highest common factor of 467 and 192709?
1
Calculate the greatest common factor of 46 and 9307594.
46
What is the greatest common divisor of 186371586 and 9954?
1422
Calculate the greatest common factor of 46410 and 10425590.
1190
What is the greatest common divisor of 154 and 3195500?
154
Calculate the highest common factor of 87937 and 48316.
47
Calculate the greatest common factor of 1002723016 and 24.
8
Calculate the highest common factor of 426 and 266238498.
426
What is the highest common factor of 595 and 466270?
35
Calculate the highest common factor of 86507360 and 19688.
856
Calculate the greatest common divisor of 9576 and 2324574.
2394
Calculate the highest common factor of 36735 and 718611.
93
What is the highest common divisor of 988 and 54676?
4
What is the greatest common factor of 132 and 1441992?
12
Calculate the greatest common divisor of 702 and 8297694.
54
Calculate the highest common factor of 14973859 and 28984.
3623
Calculate the highest common divisor of 3308171 and 349.
349
What is the highest common divisor of 2580 and 440130?
30
Calculate the highest common factor of 2320 and 76816.
16
What is the greatest common factor of 1294613 and 67625?
541
What is the greatest common factor of 79281 and 3561021?
207
Calculate the greatest common factor of 1056398 and 8400.
14
Calculate the highest common factor of 885 and 14767770.
15
What is the greatest common factor of 2544 and 5119376?
848
What is the highest common divisor of 932 and 51025369?
233
Calculate the highest common divisor of 6482 and 26551.
7
What is the highest common divisor of 93 and 280320848?
31
Calculate the greatest common divisor of 3768 and 769068.
12
Calculate the highest common divisor of 1400 and 22985900.
700
What is the greatest common factor of 78522 and 145590?
138
What is the greatest common divisor of 3625946 and 1392799?
7781
What is the highest common divisor of 916215 and 9285?
15
Calculate the greatest common divisor of 2303477 and 396.
11
What is the highest common divisor of 34826621 and 146?
73
Calculate the greatest common divisor of 21910 and 4417210.
70
What is the greatest common factor of 2904 and 817113?
363
What is the greatest common divisor of 1033703954 and 59?
59
Calculate the greatest common divisor of 71885494 and 9784.
2446
Calculate the greatest common factor of 3656997 and 45.
9
Calculate the highest common factor of 5831 and 261835.
7
Calculate the highest common factor of 975 and 3357825.
75
What is the greatest common factor of 103430613 and 429?
429
Calculate the highest common divisor of 70 and 3127005.
35
Calculate the highest common divisor of 88713321 and 471.
471
Calculate the greatest common divisor of 2702 and 329434.
14
What is the highest common divisor of 1541 and 43033?
23
Calculate the greatest common factor of 2464027535 and 5.
5
What is the greatest common divisor of 93863 and 47047?
77
Calculate the greatest common factor of 718 and 9719566.
718
Calculate the highest common divisor of 122317 and 50843.
13
Calculate the greatest common factor of 149779112 and 136.
136
What is the highest common divisor of 8979770 and 4886?
698
What is the highest common divisor of 28 and 9116429?
7
Calculate the highest common factor of 195130 and 4196530.
2470
Calculate the highest common factor of 17962581 and 8645.
1729
What is the highest common factor of 340851 and 6510?
21
What is the greatest common factor of 48 and 4793064?
24
What is the greatest common divisor of 30442132 and 588?
196
Calculate the highest common divisor of 202343770 and 90.
10
Calculate the highest common divisor of 151513164 and 88.
44
Calculate the greatest common factor of 162629671 and 20092.
5023
Calculate the highest common factor of 10 and 233245.
5
What is the highest common divisor of 4491999 and 63111?
327
What is the greatest common factor of 4400294 and 292?
146
What is the highest common factor of 128740864 and 544?
544
Calculate the highest common divisor of 450386244 and 2376.
1188
Calculate the highest common factor of 661408 and 2728.
88
Calculate the greatest common factor of 167963 and 3706827.
1663
What is the highest common factor of 1555708 and 16324?
308
Calculate the highest common factor of 25908 and 90372.
204
What is the highest common factor of 97920 and 8941728?
1632
Calculate the greatest common factor of 5191525 and 75.
25
What is the greatest common factor of 292716 and 33981?
141
What is the highest common divisor of 4370951 and 91?
13
What is the greatest common factor of 1521 and 258533262?
117
What is the greatest common divisor of 2950 and 811850?
50
Calculate the greatest common divisor of 285 and 654037.
19
What is the highest common divisor of 104040 and 813535?
1445
Calculate the greatest common factor of 3175 and 594694645.
635
What is the highest common divisor of 1672 and 250657?
11
What is the highest common divisor of 1667071 and 17374?
119
Calculate the greatest common factor of 72836028 and 84.
12
Calculate the highest common factor of 512 and 1116008.
8
Calculate the greatest common factor of 241 and 911450191.
241
What is the highest common divisor of 1682 and 187416850?
1682
What is the greatest common factor of 2855856 and 420?
12
Calculate the greatest common divisor of 4 and 94811018.
2
Calculate the highest common divisor of 240 and 2341480.
40
Calculate the highest common factor of 444 and 9032484.
12
What is the greatest common divisor of 6 and 1599347?
1
Calculate the highest common factor of 181 and 37922215.
181
Calculate the greatest common divisor of 26815 and 3131300.
865
Calculate the highest common factor of 783054 and 172306.
1706
Calculate the highest common factor of 468559 and 10283.
91
Calculate the greatest common divisor of 19671006 and 4182.
102
Calculate the greatest common factor of 294610 and 5610.
170
What is the highest common factor of 24704 and 2471944?
1544
Calculate the highest common factor of 1492207 and 230182.
71
What is the greatest common divisor of 33733021 and 343?
343
Calculate the highest common divisor of 59317650 and 146475.
4725
What is the highest common factor of 1715 and 53774?
7
Calculate the greatest common divisor of 1819172 and 145538.
106
What is the greatest common factor of 148695 and 629260?
2155
What is the greatest common factor of 20 and 9768320?
20
What is the highest common factor of 3708164 and 100?
4
Calculate the highest common divisor of 168 and 3067036.
28
Calculate the highest common divisor of 345 and 21862029.
69
Calculate the highest common factor of 34209147 and 987.
21
Calculate the greatest common factor of 1472344 and 1576.
8
What is the greatest common factor of 82569 and 2448?
51
Calculate the greatest common factor of 193578520 and 2630.
2630
What is the highest common divisor of 305 and 3351706?
61
Calculate the greatest common factor of 1551 and 1